?
False
Is 44547707 prime?
False
Is 521129969 a composite number?
True
Is 246961853 composite?
False
Is 53112743 a composite number?
True
Is 767674241 a composite number?
False
Is 12071 prime?
True
Is 627979463 prime?
False
Is 21443029 a prime number?
False
Is 63434017 a composite number?
True
Is 4577741 a composite number?
True
Is 33957571 prime?
False
Is 15984649 a composite number?
False
Is 294196745 prime?
False
Is 23941061 prime?
True
Is 80687683 composite?
False
Is 299606921 a prime number?
True
Is 1746251 prime?
False
Is 161990237 a composite number?
False
Is 117648241 prime?
True
Is 4553698 prime?
False
Is 4181689 a prime number?
False
Is 1640632701 a prime number?
False
Is 6391811 prime?
False
Is 6184173 a composite number?
True
Is 300754843 composite?
False
Is 6108647 a prime number?
False
Is 251452581 composite?
True
Is 15967841 composite?
False
Is 21779003 prime?
True
Is 111326321 a prime number?
True
Is 570959 a composite number?
False
Is 81563323 composite?
True
Is 649380419 composite?
False
Is 7716763 a composite number?
False
Is 3232547 a prime number?
True
Is 906727 prime?
True
Is 2092579 a composite number?
True
Is 8584073 a composite number?
False
Is 23099761 a composite number?
False
Is 556399 composite?
False
Is 469913 prime?
False
Is 25694351 prime?
False
Is 48459302 prime?
False
Is 219596959 a prime number?
False
Is 5849341 a prime number?
True
Is 73842955 prime?
False
Is 17781613 prime?
True
Is 782096583 a prime number?
False
Is 2525243 prime?
False
Is 255824159 a composite number?
False
Is 16084333 a prime number?
True
Is 3906059 composite?
False
Is 176862323 a composite number?
True
Is 720665931 a prime number?
False
Is 524227 prime?
False
Is 2161157 prime?
True
Is 59749609 prime?
True
Is 1122322771 a composite number?
False
Is 231765371 a composite number?
True
Is 180340493 a composite number?
True
Is 32623531 a composite number?
False
Is 3784577 prime?
True
Is 9761617 a composite number?
False
Is 14510719 a composite number?
False
Is 8043769 composite?
False
Is 570733 composite?
False
Is 42827299 a prime number?
False
Is 93849311 composite?
True
Is 414299059 a composite number?
True
Is 4378438 prime?
False
Is 15011609 composite?
True
Is 210492473 a composite number?
False
Is 11374789 a composite number?
False
Is 469021 prime?
False
Is 14963997 a prime number?
False
Is 381300511 a composite number?
False
Is 19299289 a composite number?
True
Is 147063545 a composite number?
True
Is 9559331 a composite number?
True
Is 94771 a prime number?
True
Is 6741689 composite?
False
Is 58112591 prime?
True
Is 30294503 a prime number?
True
Is 35953483 a prime number?
False
Is 5581141 composite?
False
Is 19913177 a composite number?
False
Is 912599 composite?
True
Is 2554621 a composite number?
False
Is 200557769 a composite number?
True
Is 45898571 prime?
True
Is 1023727 a composite number?
True
Is 58304501 a composite number?
True
Is 28654657 a prime number?
True
Is 249374611 a composite number?
False
Is 11948137 prime?
True
Is 88663969 prime?
False
Is 14832781 prime?
True
Is 1051432897 prime?
True
Is 2860301 composite?
True
Is 68348239 a composite number?
False
Is 4578361 a composite number?
False
Is 3979117 composite?
False
Is 8129963 a prime number?
True
Is 19772117 a composite number?
True
Is 6618167 composite?
True
Is 174711149 composite?
False
Is 485493607 a prime number?
False
Is 7341427 composite?
False
Is 64292119 prime?
True
Is 566061 a prime number?
False
Is 14600027 a composite number?
True
Is 4176851 composite?
True
Is 1989871 prime?
False
Is 189074441 prime?
False
Is 3334801 prime?
True
Is 1812227 composite?
False
Is 81304547 a prime number?
True
Is 795094 a prime number?
False
Is 130211771 prime?
True
Is 21845129 a prime number?
False
Is 4953811 prime?
True
Is 10038961 prime?
False
Is 16550873 a composite number?
False
Is 3659651 a prime number?
True
Is 136017211 a composite number?
True
Is 25377941 a prime number?
True
Is 1370657 composite?
False
Is 6588103 composite?
True
Is 425365321 prime?
True
Is 6639719 prime?
True
Is 113959829 composite?
False
Is 14316059 a composite number?
True
Is 88280183 composite?
True
Is 51557321 a prime number?
True
Is 74001617 composite?
False
Is 258099371 a composite number?
True
Is 1711943 composite?
True
Is 1104659 a composite number?
False
Is 1203178331 a composite number?
False
Is 59371589 a composite number?
False
Is 6138331 a composite number?
False
Is 3954559 composite?
True
Is 110407057 a prime number?
True
Is 325324313 a prime number?
False
Is 13041473 composite?
False
Is 26033333 a composite number?
True
Is 459087913 a prime number?
False
Is 113137081 a prime number?
False
Is 6298919 a composite number?
True
Is 149988253 a composite number?
True
Is 2316631 prime?
True
Is 288527399 composite?
False
Is 1123699 a composite number?
False
Is 130055371 a prime number?
False
Is 48873031 prime?
True
Is 1360673 a composite number?
False
Is 16871003 prime?
False
Is 82301359 prime?
False
Is 887079491 a prime number?
False
Is 4751 a prime number?
True
Is 159611203 a composite number?
False
Is 49417399 prime?
True
Is 138642541 a composite number?
True
Is 3284461 a prime number?
True
Is 382378877 composite?
True
Is 2170573 a prime number?
True
Is 146477 a prime number?
True
Is 31381913 composite?
True
Is 54950057 a composite number?
False
Is 6388819 composite?
False
Is 28227239 prime?
True
Is 109097 prime?
True
Is 281657 a composite number?
True
Is 7402921 a composite number?
False
Is 1169312089 a prime number?
False
Is 227331095 prime?
False
Is 2341109 composite?
True
Is 715265767 prime?
True
Is 308305957 prime?
True
Is 7983733 a composite number?
False
Is 14182627 a prime number?
False
Is 1815173 prime?
False
Is 8655863 a composite number?
True
Is 937571 a prime number?
True
Is 5979859 prime?
True
Is 1786021 a composite number?
False
Is 65659897 a composite number?
True
Is 19789447 prime?
False
Is 81511 a prime number?
False
Is 78043 prime?
False
Is 1519321 a composite number?
True
Is 3459763 prime?
True
Is 6956227 prime?
False
Is 418981 a composite number?
False
Is 3153671 a prime number?
True
Is 59850611 a prime number?
False
Is 10301521 a prime number?
False
Is 49496723 composite?
False
Is 6088861 composite?
False
Is 6493931 composite?
True
Is 13447259 composite?
True
Is 2437661 a prime number?
False
Is 583159 a prime number?
False
Is 6940699 prime?
False
Is 223877681 a composite number?
True
Is 3330697 prime?
True
Is 22982693 composite?
False
Is 10591397 prime?
True
Is 226175231 composite?
False
Is 109780709 composite?
False
Is 106321015 a prime number?
False
Is 11081783 prime?
False
Is 36142507 a composite number?
True
Is 17817874 a composite number?
True
Is 5033053 a prime number?
True
Is 5793209 a prime number?
False
Is 2847379 composite?
False
Is 2187056639 composite?
False
Is 852479 composite?
True
Is 5116169 a composite number?
False
Is 6740341 a composite number?
False
Is 1587653 composite?
False
Is 527539 prime?
False
Is 21148687 prime?
False
Is 7291051 a prime number?
False
Is 31006561 a composite number?
False
Is 1273191 a prime number?
False
Is 20774399 a prime number?
False
Is 20319853 prime?
True
Is 283687667 prime?
False
Is 7510907 prime?
False
Is 198547 a composite number?
True
Is 4246703 prime?
False
Is 68369069 composite?
False
Is 6993901 prime?
False
Is 5397283 composite?
False
Is 38825291 composite?
False
Is 225270187 a composite number?
True
Is 79967 prime?
True
Is 128497921 a prime number?
True
Is 299598073 prime?
True
Is 17045923 prime?
True
Is 137124073 a prime number?
True
Is 61959565 prime?
False
Is 127545406 a prime number?
False
Is 53254681 a composite number?
False
Is 2417153 a composite number?
False
Is 49696711 prime?
True
Is 116726569 composite?
False
Is 7807 composite?
True
Is 47035307 a composite number?
True
Is 2780993 a prime number?
True
Is 1489351 prime?
True
Is 10306193 prime?
False
Is 11428271 a prime number?
True
Is 319904547 a composite number?
True
Is 28590677 a composite number?
True
Is 2177143 prime?
True
Is 890047487 a composite number?
True
Is 11982433 a prime number?
False
Is 16048919 a composite number?
True
Is 350226257 composite?
False
Is 548504771 a composite number?
False
Is 7583189 prime?
False
Is 581612923 a composite numb